*m - 3*s - 280 = 0, -5*m + s + 91 = -t. Suppose -b = -4*j + 79, -b + 22 = 5*j - m. What is the tens digit of j?
1
Let x be (22/3)/((-4)/(-6)). What is the units digit of x + -1 - (4 + -3)?
9
Let j(c) be the first derivative of -c**4/4 + 5*c**3/3 - c**2 - 2*c - 1. Suppose -m + 4*m = 12. What is the units digit of j(m)?
6
Let m(j) = -j**3 - j**2 - j + 3. Let c be m(0). Suppose c*q - 7 = 5. Suppose -2*v + q = 2*v. What is the units digit of v?
1
Suppose -5*j = -j - 20, -5 = -4*m + 3*j. What is the tens digit of 19 + 1 - (m - 1)?
1
Let d(w) = 2*w - 3. Let v(g) = -2*g - 1. Let r(j) = -j. Let m(q) = -3*r(q) + v(q). Let l(s) = 4*d(s) - 7*m(s). What is the units digit of l(6)?
1
Suppose 5*q = 4*t - 64, 5 - 2 = 3*t. What is the units digit of (-40)/(-2)*(-3)/q?
5
Let j(p) = p**3 - 3*p**2 - 2*p - 5. Let r be j(4). Let a = 8 - r. Suppose a*o - 5*x = 45, 0 = -2*o + o - 4*x - 16. What is the units digit of o?
4
Let d = -6 + 4. Let o = 3 - d. Suppose -28 = -o*s + s. What is the units digit of s?
7
Suppose -y - 8 = 1. What is the units digit of (0/(-2) - y)/1?
9
Let g = 2 + -1. What is the units digit of ((-4)/(12/(-27)))/g?
9
Let x = -28 + 71. Suppose l + 2*t = 20 + 9, -t = -2*l + x. What is the tens digit of l?
2
Suppose -4*p - 5*m + 30 - 6 = 0, 3*p - 18 = m. Suppose 3 = 2*b + 13. Let x = b + p. What is the units digit of x?
1
Let x be 1 + 1 - (-1 - 1). Suppose -2*r = -x*r + 170. What is the units digit of r/10*(3 - 1)?
7
Let u(o) = -o**3 + 9*o**2 + 6. Let d be u(8). Suppose x + x = d. Suppose 3*c + 3*b - x = -11, 24 = 5*c - 3*b. What is the units digit of c?
6
Let z(y) = -5*y + 68. What is the tens digit of z(0)?
6
Suppose -8*w - 1 = -25. What is the units digit of w/6 - (-87)/2?
4
Let m(x) = 2*x + 9. What is the tens digit of m(6)?
2
Let q = 3 + -2. What is the units digit of (0 - -7) + q/1?
8
Let j = 0 - -3. Let k = -3 + j. Suppose -r + 2 = -k. What is the units digit of r?
2
Let k = 0 + 7. What is the units digit of k?
7
Let g = 3 + -3. Suppose -3*z = -4*z + 56. Suppose -z = -4*q - g*q. What is the tens digit of q?
1
Let w(v) = 3*v - 1. Let r be w(1). Let u(l) = 0*l + r + 1 + 2*l. What is the units digit of u(3)?
9
Let z(u) = u**2 - 3*u + 2. Let j be z(4). Suppose j - 1 = q. Suppose 10 = -q*c, -2*a + 0*c + 5*c = -20. What is the units digit of a?
5
Suppose 0 = -s - s + 162. What is the tens digit of (-3 + s/12)*4?
1
Let q(s) = 2*s + 26. What is the units digit of q(11)?
8
Let t = -1 - -80. What is the units digit of t?
9
Suppose -5*x + 2 + 43 = 0. What is the units digit of x?
9
Let j be ((-4)/12)/(1/(-6)). Suppose -3*s - j*d + 16 = 0, -5*s + d = -4 - 1. What is the units digit of s?
2
Suppose 4*f - 7 - 5 = 0. What is the units digit of (-3 - 0)/(f/(-34))?
4
Suppose 4*b = 2*p - 14, 4*p - b + 6*b - 2 = 0. Suppose -1 = -4*d + p. What is the units digit of d?
1
Let f(h) = h + 6. Let a be f(-7). Suppose 3*s - 5*s = -5*w + 5, -2*w + 5*s + 23 = 0. What is the units digit of (-1 - w)/a - -7?
7
Let k(v) = v**2 - 3*v + 5. Let q be k(4). Let w be (19 - 0) + 2/2. Let b = w - q. What is the units digit of b?
1
Suppose 0 = 4*z + 3 + 9. Let a(h) = h**3 + 4*h**2 + 2*h - 2. Let g be a(z). Let m = 7 - g. What is the units digit of m?
6
Let n(b) = b**3 + 5*b**2 + b - 4. Let t be n(-3). Let a = -7 + t. Let u = a - -1. What is the units digit of u?
5
Let j = -5 + 5. Suppose 2*m + 31 = -3*n + 6, -3*n - m - 23 = j. Let a = 13 + n. What is the units digit of a?
6
Let y = 82 - 80. What is the units digit of y?
2
What is the tens digit of (-4 - -2) + 165 - (-7 + 6)?
6
Suppose -3*b + 415 = -89. Suppose r + b = -34. What is the units digit of 4/(-22) - r/22?
9
Suppose 0 = 3*p + 2*p + 3*v + 34, -34 = 3*p - 5*v. What is the tens digit of ((-33)/4)/(2/p)?
3
Let s = -109 + 153. What is the units digit of s?
4
Suppose -5*l + 76 = -3*p, -3*p - 20 = -5*l + 4*l. What is the units digit of l?
4
Let o(m) = m**2 + 7*m + 2. Let y(t) = -2*t**3 - 2*t**2 + t + 1. Let z be y(-2). Suppose 0*n = n + z. What is the units digit of o(n)?
2
Let l be ((-6)/(-15))/((-2)/10). Let i(j) = -j**3 - 7*j**2 + 7*j. Let v be i(-8). Let z = v + l. What is the units digit of z?
6
Let m = 283 - 107. Suppose -2*g = -6*g + m. Suppose -2*k = -3*s + g, -s - k + 9 = 4*k. What is the tens digit of s?
1
Suppose -z = -2*z - 1, f + 2 = -5*z. Suppose -28 = -7*x + 3*x + 4*p, 17 = 2*x + p. Suppose f = b - q - 1, 2*b = 5*q + x. What is the units digit of b?
4
What is the hundreds digit of 1/(2 - 4) + 1434/12?
1
What is the units digit of 118/4 - 1/(-2)?
0
Let j(v) = v. Let o be ((-3)/6)/((-1)/(-4)). Let z be (-14)/2*(o - -1). What is the units digit of j(z)?
7
Suppose 0 = 3*c - 0*c. What is the units digit of (c + 7 - 3) + 2?
6
Suppose -3*b - 16 = -7, -5*a - 4*b = 27. Let z = a - -1. Let r = z + 7. What is the units digit of r?
5
Let o be (-3 + 1)*(-11)/2. Suppose q = -5*v + 17, -q - 4*v = -6 - o. What is the units digit of q?
7
Let w(k) be the first derivative of k**3/3 - 3*k**2 + 4*k + 2. Let v(x) = -x**2 + 6*x - 4. Let d(t) = -7*v(t) - 6*w(t). What is the units digit of d(6)?
4
Suppose 14 - 63 = -7*u. What is the units digit of u?
7
Let v(o) = -o**2 - 8*o + 5. Let g be v(-7). Let d = 17 - g. Suppose 2*j - 11 = -p, 0 = -d*p - 5. What is the units digit of j?
6
Suppose -2*a = 3*x - 3*a - 6, a - 6 = -x. Suppose 4*t - 16 = 8. Suppose -t = -w + x. What is the units digit of w?
9
Let n be (-7 + 3)*9/(-12). What is the units digit of ((-105)/10)/(n/(-4))?
4
Suppose 4*w = -3 - 13. Let g = w - -6. What is the units digit of g?
2
Suppose 6*n - 2*n = 0. Suppose 4*m + n*u - 73 = u, -4*m = 2*u - 70. Suppose p - m = -2*p. What is the units digit of p?
6
Let g(i) = i**2 - 2. Let l be g(-2). What is the units digit of 0 - (-45)/(6/l)?
5
Let o(j) = -j. What is the units digit of o(-3)?
3
Suppose 2*a - 3 = -a. Suppose a = d - 3. What is the units digit of d?
4
Suppose 0 = -y + 4*n + 24, -32 = y - 3*y + 4*n. Suppose -3*p + y*p = 180. What is the units digit of p?
6
Let b(a) = -a + 25. What is the units digit of b(17)?
8
Let y = 31 - 100. Let u be y/(-12) - 2/(-8). Suppose -2*z = -u, -4*z = a + 3*a - 44. What is the units digit of a?
8
Suppose 5*y - 13 + 3 = 0. Suppose x - 2*a - y = 3*x, 5*a - 13 = 4*x. Let i = 0 - x. What is the units digit of i?
2
Let i(f) = -3*f - 9. Let b be i(-9). Suppose -z + h = -4*z + b, -z - 4*h = -6. What is the units digit of z?
6
Let r(k) = k**3 - 11*k**2 + 15*k - 6. What is the tens digit of r(10)?
4
Suppose 0*x - 3*m = 2*x + 2, 2*x + 4*m + 4 = 0. Suppose -x*r = -0*r - 8. Suppose 2*a + s = 6 + 5, r*a - 3*s = 47. What is the units digit of a?
8
Suppose -32 = -5*r + 583. What is the tens digit of r?
2
Let u = -245 + 590. What is the units digit of u?
5
Suppose 5*q = 2*b + 25, -2*b + 3*q = -b + 15. Suppose b*j + 2*j = -4. What is the tens digit of (-64)/(-4)*(-2)/j?
1
Let n = 2 - -3. Let u(l) = l + 7. What is the tens digit of u(n)?
1
Let t = 6 - 8. What is the units digit of 10 - t/2*2?
2
Suppose -3*h + 4 + 26 = 0. Let y = h + -7. Suppose 0 = -s + 10 - y. What is the units digit of s?
7
Let f(d) = d**2 - d. Let o(i) = 9*i**2 - 6*i. Let u(h) = 12*f(h) - o(h). What is the tens digit of u(5)?
4
Let x = 4 + 4. Suppose 9 + x = m. What is the tens digit of m?
1
Suppose 0*c + c = 5. Suppose 0*y = -c*y + 130. What is the tens digit of y?
2
Let x = 8 + 2. What is the units digit of x?
0
Let d(p) = 4*p - 4. Let f = 14 + -8. What is the tens digit of d(f)?
2
Let r(o) = 2*o**2 + 2*o + 3. What is the units digit of r(-2)?
7
What is the hundreds digit of 1/((-1)/(-18))*10?
1
Suppose -5*r + g + 127 + 12 = 0, 2*r = g + 55. Let s = -18 + r. Suppose s = 2*f - 5*f - 5*w, 0 = -w - 5. What is the units digit of f?
5
Let w be 0/((-5 - -1)/2). Suppose w*v = 2*v - 20. What is the tens digit of v?
1
What is the units digit of (-51)/2*(-24)/9?
8
Let w be 42/4*(-4)/(-6). Suppose -4*x - w = 5, q = -3*x + 18. What is the tens digit of q?
2
Let g(b) = -5*b + 1. Let x be g(3). Let z(l) = -2*l - 8. What is the units digit of z(x)?
0
Let v = 78 - -13. Suppose l + 1 = 2*l, -5*c + 4*l = -v. What is the tens digit of c?
1
Suppose 4*u - 3*u = 29. Let y = -17 + u. What is the units digit of y?
2
Let d = 1 - -2. What is the units digit of 19 + (-1)/(1/d)?
6
Let q = 0 + 3. What is the tens digit of ((-60)/(-8) - q)*6?
2
Let y(f) = 3*f**3 + 0*f**2 - 8